 = v**2 - 10*v - 2. Let a(q) = -11*d(q) + 6*r(q). Give a(f).
6
Suppose -n - 9 = -2*r, 0 = -3*r + 2*r - 3*n + 1. Suppose -4*p + 3 = -5. Let g(m) = 3*m**2 + 4 - m - 3*m**p + m**2 - 4*m. Calculate g(r).
0
Let c(h) = -7 - h**3 + 4 - 3 + 10*h - 3 - 10*h**2. Give c(-11).
2
Suppose -3*n = -12, 2*f + 19 = 2*n + 5. Let d(b) = -b. Determine d(f).
3
Let r(v) = -5*v**2 + v + 7. Let d(j) = 14*j**2 - 2*j - 20. Let i(f) = -6*d(f) - 17*r(f). Let n(w) = -4*w**3 + w. Let k be n(-1). What is i(k)?
-5
Suppose -3*d = -8*d - 15. Let r(b) = 2*b**2 + 3*b. Let t(q) = 3*q**2 + 4*q + 1. Let i(z) = -4*r(z) + 3*t(z). Calculate i(d).
12
Let f(u) be the third derivative of -u**4/24 - 5*u**3/3 - 6*u**2. Give f(-7).
-3
Let a(x) = -x**2 + 4*x + 5. Let i be a(5). Let o = 2 + i. Let f(n) = -o + 0*n - 3*n - n**2 - 3*n. Determine f(-5).
3
Let x(p) = p - 2. Let k(d) = 2*d - 3. Let y(h) = 3*k(h) - 4*x(h). Give y(-1).
-3
Let d(k) be the first derivative of k**6/60 + k**5/20 - k**4/24 - k**3/3 + 2*k**2 - 5. Let o(b) be the second derivative of d(b). What is o(-2)?
-4
Let j = 8 - 3. Let v(s) = -j*s - 3*s**2 - 2 + 0 + 2*s**2. Determine v(-3).
4
Let l(z) be the first derivative of z**3 + 4 + 2*z - 3/2*z**2 + 1/4*z**4. Determine l(-4).
-2
Let u(b) = 2*b - 6. Let n(c) = 2*c + 16. Let h be n(-11). Calculate u(h).
-18
Let o(z) = -6*z**2 - z + 7. Let s(y) = -7*y**2 - y + 8. Suppose -20 = 6*b - 10*b. Let m(u) = b*s(u) - 6*o(u). Calculate m(-3).
4
Let b = 1 + -1. Let h be 1*2/2 - 0. Let a = b + h. Let c(p) = 6*p + 1. Calculate c(a).
7
Let u(g) = -3*g - 7. Let n(c) = c + 2. Let t(a) = 17*n(a) + 6*u(a). Let x(h) = -h**3 - 9*h**2 - h - 5. Let o be x(-9). Suppose -o*f = -2*f. What is t(f)?
-8
Let d(x) = -x**2 + 1. Let m(g) = 4*g**2 + 8*g - 8. Let u(t) = 5*d(t) + m(t). What is u(6)?
9
Let q(k) = k**2 - 4*k - 2. Let j = 32 + -2. Let x = -20 + j. Let a be (-5 + 4)/((-2)/x). Determine q(a).
3
Let r = 5 + -3. Suppose -8 = 3*y - r. Let f(s) = -2*s**3 - 2*s**2 - 3*s - 2. Calculate f(y).
12
Suppose 35 = -5*c - h - 4*h, -2*c - 8 = -h. Suppose 0*q - q = -1. Let z(u) = 3*u - 2 + u**2 + 0 - q. Calculate z(c).
7
Let j(y) = y**2 - 6*y. Suppose 2 - 26 = 2*d + 4*f, d + 24 = -5*f. Let p(k) = 2*k**2 - 13*k - 1. Let o(n) = d*p(n) + 9*j(n). Give o(3).
7
Let o(h) = -2*h**2 + 1. Let t(s) = -5 + 6 - s**3 + 0. Let l(j) = 4*j**3 - 3*j**2 - 4*j - 8. Let d(q) = -l(q) - 5*t(q). Let v be d(-2). Determine o(v).
-1
Let j(x) = x**3 + 5*x**2 + 2*x - 1. Let f be (1 - 0)/(5/(-15)). Give j(f).
11
Let w(u) = u**2. Let o(l) be the third derivative of -l**5/12 - l**4/24 + 5*l**2. Let y(b) = o(b) + 3*w(b). Give y(-1).
-1
Let d(b) = b**2 - 7*b + 2. Suppose 0*m - 4*m = 4*f - 8, -4*f = -2*m + 10. Let n = m - 1. Suppose -5*s - 37 + n = -4*q, -4*s - 17 = -q. Give d(q).
-8
Let p(s) = 28 - s - 26 - s. What is p(3)?
-4
Let m(g) = g**2 - g - 4. Let a = 0 + -2. Let b(o) = -o**2 + 1. Let k(j) = a*b(j) - m(j). Suppose -2*x = x + 9. Give k(x).
8
Let w(i) = -2*i**2 - 6*i**3 - i - i**3 + 0*i**2. Give w(-1).
6
Let a(q) = -q + 6. Let n be ((-57)/(-7))/3 + (-88)/(-308). Calculate a(n).
3
Let h(s) = -s - 2. Let g be 1/(-4) + (-9)/(-4). What is h(g)?
-4
Let j(c) = -c**3 - 2*c**2 + 2*c + 3. Let b(a) = -5*a. Let k(x) = -x - 1. Let u(p) = -b(p) + 6*k(p). Let l be u(-3). Determine j(l).
6
Let j(x) be the third derivative of x**5/60 - x**4/6 - x**3/2 - 8*x**2. What is j(5)?
2
Let y(a) be the second derivative of -a**3/3 + 7*a**2/2 + 78*a. Let s(l) = -6*l - 1. Let x = -3 + 2. Let h be s(x). What is y(h)?
-3
Let u(z) be the second derivative of z**3/3 + 3*z**2/2 + z. Suppose -f + 15 = -5*i, f + 4*i - 2 = -14. Suppose f = 5*a - 5 + 25. Calculate u(a).
-5
Let f(h) = 4*h - 1. Let l(b) = 9*b - 1. Let u(r) = -5*f(r) + 2*l(r). Let c(p) = p**2 + 5*p - 4. Let i be c(-6). What is u(i)?
-1
Suppose 3*x = 17 - 2. Let g(j) = -j**2 + 3*j - 4. Give g(x).
-14
Let s(n) = 2*n + 1. Let g(w) = 2*w + 1. Let k(r) = 3*g(r) - 4*s(r). Determine k(-2).
3
Let l(m) = -m**2 + 2*m + 4. Let k = -3 - -6. Calculate l(k).
1
Let b(d) = 7*d**2 - 5*d + 12. Let l(z) = 7*z + 1. Let k be l(-2). Let m(a) = -15*a**2 + 11*a - 25. Let o(t) = k*b(t) - 6*m(t). Determine o(0).
-6
Let f(n) = -n**3 - 4*n**2 + 8*n + 7. Let i be (-2)/(-8) + 147/(-28). Let w(r) = 2*r**2 + 10*r - 5. Let o be w(i). Calculate f(o).
-8
Suppose 161 - 165 = -2*z. Let y(r) be the first derivative of -7*r - 1 - 1/2*r**z. Determine y(-5).
-2
Let t(o) = -2*o. Let m(y) = y. Let j(z) = 5*m(z) + 3*t(z). What is j(5)?
-5
Suppose -5*n - 4*t - 33 = 0, -8 + 28 = -2*n - 5*t. Let m(r) be the second derivative of r + r**3 + 2*r**2 + 1/12*r**4 + 0. What is m(n)?
-1
Suppose 3*h + 11 = 29. Let x(m) = m - 12. Calculate x(h).
-6
Let m be 0 + (1/5 - (-42)/(-10)). Let h(k) = k + 5. Let t be h(-4). Let g(l) = -4*l**2 - t + l - 2 - l**3 + 1. Determine g(m).
-6
Suppose -4*u + 164 = 20. Suppose 5*r = -20, -5*r = 4*p - r + u. Let x be 0/p - (0 + 1). Let d(m) = 4*m + 1. Calculate d(x).
-3
Let o(d) = 2*d - 1. Let h(u) = -3*u. Let b(m) = 3*h(m) + 4*o(m). Calculate b(-3).
-1
Let j(p) be the first derivative of 3*p**2/2 + 4*p + 48. What is j(-3)?
-5
Let m(y) = -y**2 + 5*y - 2. Let b = 29 - 25. Give m(b).
2
Let c(s) = 6*s. Let x be c(-1). Let g(f) = 2*f + 20. Let l(q) = 1. Let j(p) = -g(p) + 12*l(p). What is j(x)?
4
Let g(u) be the second derivative of u**4/12 - 7*u**3/6 + 3*u**2/2 + 57*u. Determine g(8).
11
Suppose -m - 5*f = -24, -2*m = m - 3*f + 18. Let s(x) = -5*x**2 - x - 1. What is s(m)?
-5
Let d be 2/(-6) + 26/6. Let j(p) be the first derivative of -1/3*p**3 + p**2 + 2*p + 1. Determine j(d).
-6
Let d(s) = -5*s + s + 3*s + s**3. Suppose 4*i - 24 = i. Suppose -5*y - i - 2 = 0. Determine d(y).
-6
Let z(r) = 9*r - 5 - 2 - r**2 - 2*r + 8. Calculate z(7).
1
Let a(l) be the first derivative of -l**4/4 + l**3/3 + l**2/2 - 1. Give a(-2).
10
Let f(c) = -c**2 - c - 1. Let b(h) = -h**3 + 3*h**2 + 5*h + 4. Let l(s) = b(s) + 4*f(s). Let i be (2/2 - 1)/1. Calculate l(i).
0
Suppose -2*u + 3 - 5 = 0. Let b be u*(-6 + 0)/3. Let d(y) = 3*y**2 - 2*y - 4*y**b + y**2 - 3*y**2 - 1. Give d(-1).
-2
Let d(p) = p**2 - p. Let z(s) be the third derivative of -s**6/120 - 3*s**5/20 + 5*s**4/24 - 2*s**3/3 - s**2. Let k(j) = 6*d(j) + z(j). Calculate k(-3).
-1
Let o(x) = 5*x - 2. Let j(i) = i**2 - 4*i + 3. Let v be j(0). Calculate o(v).
13
Let d(k) be the third derivative of 11*k**6/360 - k**5/60 + k**4/24 + 2*k**3/3 - 10*k**2. Let y(i) be the first derivative of d(i). Give y(1).
10
Let s(d) = -68 + 66 + d + 0*d. Calculate s(-9).
-11
Let g(k) = -2*k**3 - 2*k**2 + 2*k + 2. Let d = -10 + 8. Give g(d).
6
Suppose 5*z = 8*z + 3. Let n(l) = 8*l. What is n(z)?
-8
Let u(l) = -5 - 8*l + 13*l + 2 - 8*l. Give u(-5).
12
Let x(s) = 8*s + 3. Let u(d) = -9*d - 3. Let q(r) = 3*u(r) + 4*x(r). Let g be ((-1)/(-2))/((-1)/4). What is q(g)?
-7
Let r(x) = -10*x**3 - 16*x**2 + 8*x - 13. Let a(i) = 3*i**3 + 5*i**2 - 3*i + 4. Let o(c) = -7*a(c) - 2*r(c). Give o(-4).
-6
Let l(w) = w**2 + 4*w + 1. Suppose 0 = -z + c + 2*c + 17, 3*z = -5*c + 9. Let k = z - 11. Determine l(k).
-2
Let x(i) = -i**2 - i - 1. Let l(p) = -p**3 + 2*p**2 + 3*p + 19. Let t(d) = l(d) + 2*x(d). Calculate t(0).
17
Let v(x) = -3*x**3 - 5*x**2 + 7*x - 2. Let f(g) = 10*g**3 + 15*g**2 - 22*g + 7. Let p(n) = -2*f(n) - 7*v(n). Give p(-6).
-6
Let j(b) = -b**3 + 5*b**2 - 6*b + 1. Suppose 27*x = 22*x + 20. Give j(x).
-7
Let b(n) = n**2 - 5*n - 5. Let h be (0 - (1 + -1)) + 7. Let f = h - -7. Suppose -z + 2*q + f = z, 4*q - 7 = -3*z. Give b(z).
-5
Let n(a) = -4*a**3 + 25*a**2 - 6*a - 12. Let r(x) = 3*x**3 - 17*x**2 + 4*x + 8. Suppose 4*j - 30 + 10 = 0. Let p(b) = j*n(b) + 7*r(b). Give p(-6).
8
Suppose 2*k - 8 = -0*k. Let j(z) = -3*z**2 - 4 - 3 + z**3 - 1 - 3*z + 3. Calculate j(k).
-1
Let x(v) = -3*v**3 - 3*v**2 - 3*v - 1. Let g be x(-2). Suppose -10 = 2*k, 3*s - k + 5*k = -g. Let j(t) = -6*t + 1. What is j(s)?
-5
Let y(g) = -g**2 - 6*g - 1. Let w be y(-5). Let n = w - 6. Let x(l) = -l**2 - l - 7. Let v(d) = -2*d**2 - 3*d - 13. Let c(b) = 4*v(b) - 7*x(b). Calculate c(n).
3
Suppose -4*w = 35 - 11. Let b(h) be the third derivative of h**5/60 + h**4/3 + 3*h**3/2 - 81*h**2. Calculate b(w).
-3
Suppose -3*a + x + 10 = 0, 0*a - 2*a = -2*x - 8. Let n(u) = 1 + 3*u**2 + 3 - 2*u**2 + a*u. Let o(s) = 4*s + 5. Let m be o(-2). Give n(m).
4
Let k(s) = -s**2 + 5*s - 2. Supp